 -5291*m - 45398. What is o(-9)?
2221
Let y(a) = a**2 - 829*a - 154466. Give y(-157).
336
Let h(o) = -8*o**2 + 3079*o - 8817. Calculate h(382).
-31
Let m(l) = 4*l**3 - 181*l**2 - 109*l - 1252. Calculate m(46).
82
Let r(w) = 7*w**3 + 109*w**2 - 219*w - 850. Determine r(-17).
-17
Let o(i) = 2976*i + 98187. What is o(-33)?
-21
Let a(o) = -o**3 - 18*o**2 + o + 470. Determine a(-16).
-58
Let g(u) = -235*u - 1090. Determine g(-7).
555
Let h(g) = -318*g + 15490. Calculate h(48).
226
Let b(m) = m**3 - 7*m**2 - 127*m - 197. Give b(-7).
6
Let b(d) = 17906*d + 483491. Calculate b(-27).
29
Let n(c) = -c**3 + 65*c**2 - 853*c - 183. Calculate n(46).
783
Let g(y) = 4962216*y - 24811082. Calculate g(5).
-2
Let b(v) = 17*v**3 - 1463*v**2 + 132*v - 3947. What is b(86)?
9
Let b(x) = 499*x**2 + 5956*x + 26. Determine b(-12).
410
Let a(q) = q**3 - 1188*q**2 - 50380*q + 375. Give a(-41).
6
Let h(v) = v**3 - 109*v**2 - 938*v + 14640. Calculate h(116).
24
Let i(x) = -2*x**3 - 79*x**2 - 76*x - 1397. Calculate i(-39).
46
Let b(j) = 1192*j + 75335. Determine b(-63).
239
Let z(l) = l**3 - 425*l**2 - 469*l + 18306. Give z(426).
-12
Let z(t) = -6*t**3 + t**2 + 714*t - 12. Calculate z(0).
-12
Let a(t) = 2*t**3 - 55*t**2 + 341*t - 4229. What is a(24)?
-77
Let y(i) = 4*i**3 + 19*i**2 - 589*i + 3562. Calculate y(8).
2114
Let b(y) = -2*y**3 + 8*y**2 + 1285*y - 1284. Determine b(1).
7
Let f(o) = -5498*o - 9296. Calculate f(-2).
1700
Let t(x) = -81*x**2 - 814*x - 831. Determine t(-9).
-66
Let a(h) = 377844*h - 2267068. Calculate a(6).
-4
Let f(i) = -3*i**2 - 32055*i + 352974. What is f(11)?
6
Let b(s) = -3*s**3 + 1204*s**2 - 10559*s - 308. Determine b(9).
-2
Let q(t) = 5*t**2 - 1705*t + 14875. What is q(332)?
-65
Let w(s) = 257*s - 7397. Calculate w(32).
827
Let c(p) = -p**3 + 147*p**2 + 1596*p + 22483. Determine c(158).
47
Let v(y) = -6*y**3 + 498*y**2 + 3*y - 258. What is v(83)?
-9
Let c(u) = -14545*u - 132972. What is c(-9)?
-2067
Let f(m) = -2*m**3 - 104*m**2 - 1319*m + 22. Determine f(-30).
-8
Let n(b) = b**3 - 74*b**2 - 1773*b - 128. Give n(-19).
-14
Let l(v) = v**3 - 31*v**2 + 260*v + 2. What is l(7)?
646
Let v(l) = -l**3 + 65*l**2 + 406*l - 2363. What is v(-9)?
-23
Let m(y) = -14*y**3 - 379*y**2 - 40*y - 345. Determine m(-27).
6
Let o(u) = -2*u**3 + 39*u**2 - 83*u - 1101. Give o(13).
17
Let m(i) = 75957*i - 1519141. What is m(20)?
-1
Let d(j) = 12*j**3 - 61*j**2 + 68*j - 98. Determine d(4).
-34
Let y(w) = -2*w**2 + 63*w - 153. What is y(-6)?
-603
Let o(z) = -136*z - 20088. Determine o(-147).
-96
Let g(x) = -2*x**3 + x**2 + 92*x + 206. Calculate g(-3).
-7
Let d(w) = 3*w**3 - 11*w**2 + 5903*w - 23636. What is d(4)?
-8
Let s(g) = 2*g**3 + 152*g**2 - 927*g + 4681. Calculate s(-82).
7
Let s(b) = 4047*b - 4778. Determine s(0).
-4778
Let r(z) = 5*z**2 + 114*z - 365. Determine r(-26).
51
Let i(a) = 3299*a + 2827277. Calculate i(-857).
34
Let g(m) = 2*m**2 - 6901*m + 2930887. Determine g(496).
23
Let c(t) = -28*t**3 - 2*t**2 - 210*t + 425. Determine c(2).
-227
Let k(c) = 58*c**2 - 1232*c - 13043. Determine k(29).
7
Let d(l) = -796*l + 158405. What is d(199)?
1
Let c(k) = 52*k**2 - 456*k + 96. Give c(9).
204
Let a(y) = -y**3 + 8*y**2 + 112150*y - 785103. Calculate a(7).
-4
Let z(h) = -31*h**2 - 106*h - 566. Calculate z(-5).
-811
Let g(d) = d**3 - 159*d**2 + 6258*d + 4835. Calculate g(81).
-25
Let j(z) = -405*z - 148552. What is j(-366)?
-322
Let w(g) = g**2 + 34*g + 48. What is w(-23)?
-205
Let l(q) = q**2 - 466152*q - 3263115. Determine l(-7).
-2
Let g(x) = -41802*x - 1546775. Calculate g(-37).
-101
Let r(u) = 2*u**3 - 5*u**2 - 131*u + 415. Determine r(13).
2261
Let q(z) = -13646*z - 81854. Determine q(-6).
22
Let c(t) = -6*t**2 + 1221*t - 29028. What is c(176)?
12
Let t(s) = 5*s**3 + 219*s**2 + 145*s - 1208. What is t(-43)?
-47
Let w(z) = -399*z - 157. Determine w(2).
-955
Let s(z) = z**3 + 199*z**2 + 417*z + 43427. Give s(-198).
65
Let c(y) = -13*y**3 + 5*y**2 + 29*y + 14. Determine c(4).
-622
Let n(q) = 2*q**2 - 312*q + 10653. Calculate n(106).
53
Let l(k) = -5*k**3 - 214*k**2 + 67*k + 75. Calculate l(-43).
-957
Let x(h) = -14*h**2 - 2672*h + 10778. Calculate x(4).
-134
Let d(l) = l**3 + 22*l**2 + 204*l + 3880. Calculate d(-21).
37
Let v(j) = -2*j**3 + 66*j**2 - 19*j + 650. What is v(33)?
23
Let l(b) = -25*b + 1245. Determine l(23).
670
Let r(y) = y**2 + 4696*y - 314307. Calculate r(66).
-15
Let f(d) = -295*d**2 + 2035*d + 174. Calculate f(7).
-36
Let l(m) = -19*m**3 + 385*m**2 + 1161*m - 7. Calculate l(-3).
488
Let q(d) = d**3 - 39*d**2 - 81*d + 50. Give q(41).
91
Let h(m) = -7580*m - 219943. Give h(-29).
-123
Let l(b) = -b**3 + 65*b**2 + 62*b + 5108. Determine l(67).
284
Let j(i) = 6617*i + 1799831. Give j(-272).
7
Let h(g) = g**2 - 24054*g + 2919716. Determine h(122).
12
Let l(u) = 29*u - 1921. What is l(64)?
-65
Let w(y) = 4144*y**2 - 33152*y - 16. Calculate w(8).
-16
Let b(i) = i**3 - 10*i**2 - 99*i + 435. What is b(11)?
-533
Let b(l) = 6*l**3 + 37*l**2 + 298*l + 560. Calculate b(-6).
-1192
Let p(k) = -2*k**3 - 355*k**2 - 921*k - 4081. Give p(-175).
3969
Let u(t) = 220*t + 37898. Give u(-173).
-162
Let r(f) = -461*f**3 + f**2 - 30*f - 31. Give r(-1).
461
Let s(a) = 2*a**3 + 11*a**2 + 29*a - 32. Determine s(0).
-32
Let d(q) = -24*q**2 + 1048*q + 114. Determine d(43).
802
Let m(o) = 4*o**2 + 28105*o + 308769. Give m(-11).
98
Let m(h) = 303517*h + 12444193. Give m(-41).
-4
Let x(m) = -9*m**3 + 386*m**2 + 781*m + 13. What is x(-2)?
67
Let o(u) = -u**3 + 42*u**2 + 18*u + 3820. Calculate o(44).
740
Let k(n) = 2*n**2 - 247*n + 3547. Give k(108).
199
Let m(g) = g**3 + 48*g**2 - 118*g - 944. Determine m(-50).
-44
Let q(x) = -x**2 - 209605*x - 838396. Determine q(-4).
8
Let k(v) = 2500*v + 15245. Determine k(-6).
245
Let w(m) = -5*m**3 + 560*m**2 + 101*m - 11326. What is w(112)?
-14
Let d(s) = -5607*s - 11177. What is d(-2)?
37
Let a(k) = -k**2 - 683*k + 35882. Calculate a(49).
14
Let q(o) = -o**3 + 206*o**2 - 710*o + 103530. Determine q(205).
5
Let m(l) = 20*l**2 + 744*l - 3955. What is m(-42)?
77
Let m(u) = 2877*u**2 + 89177*u - 308. What is m(-31)?
2
Let b(r) = 59*r**2 + 60*r + 115. Give b(8).
4371
Let o(k) = -698*k - 61671. What is o(-88)?
-247
Let a(t) = 2*t**3 - 46*t**2 + 18*t - 403. Determine a(23).
11
Let o(i) = 2*i**3 + 787*i**2 - 1202*i - 5960. Determine o(-395).
755
Let o(x) = 8*x**2 - 2910*x - 14765. Give o(-5).
-15
Let v(p) = -424*p**2 - 7*p - 13. Determine v(-1).
-430
Let g(r) = 7*r**3 - 478*r**2 + 283*r - 10001. Calculate g(68).
-5
Let j(d) = -65*d**2 + 4146*d + 632. Determine j(64).
-264
Let n(r) = r**3 - 13*r**2 + 15*r. Give n(15).
675
Let o(y) = y**2 + 1806*y + 96229. What is o(-55)?
-76
Let b(z) = z**2 - 3342*z + 212995. What is b(65)?
-10
Let p(j) = 2*j**2 + 5246*j - 73816. Give p(14).
20
Let h(v) = -2*v**3 - 145*v**2 - 891*v + 1022. Give h(-66).
3200
Let s(l) = l**3 + 640*l**2 + 3168*l - 4490. Give s(-635).
-45
Let s(a) = -4*a**2 + 544215*a + 2176912. Determine s(-4).
-12
Let k(a) = a**2 - 93*a + 14. Calculate k(10).
-816
Let w(z) = -1532*z - 12252. Determine w(-8).
4
Let n(l) = 114*l**2 + 359*l - 9. Give n(4).
3251
Let k(s) = -4*s**2 - 183*s + 1047. Calculate k(6).
-195
Let z(p) = -6*p**2 - 282*p - 6900. Calculate z(-24).
-3588
Let q(l) = 2*l**2 - 1221*l + 4856. Calculate q(4).
4
Let t(g) = -3*g**2 + 21341*g + 149534. Give t(-7).
0
Let z(i) = 18*i**3 - 11367*i**2 + 17013*i - 1902. Give z(630).
-12
Let m(l) = 14*l**2 - 1309*l - 13702. Give m(103).
-3
Let c(n) = -n**2 - 124*n - 3917. Calculate c(-54).
-137
Let s(i) = 19*i**2 - 1387*i - 5551. Determine s(-4).
301
Let n(q) = 168*q - 18718. What is n(114)?
434
Let s(w) = w**2 - 53*w - 17478. Calculate s(161).
-90
Let n(x) = -4*x**2 - 3023*x + 171446. Give n(53).
-9
Let l(x) = x**3 + 76*x**2 + 703*x - 89. Calculate l(-11).
43
Let p(k) = -k**3 + 193*k**2 + 997*k - 1300. What is p(198)?
86
Let b(d) = -1414*d + 141409. Give b(100).
9
Let u(o) = -o**2 - 25*o + 16543. Calculate u(-139).
697
Let m(t) = t**2 - 9368*t + 4316649. Give m(486).
-3
Let p(d) = 17*d**2 - 328*d - 29339. What is p(-33)?
-2
Let x(v) = 6915*v - 1293112. Give x(187).
-7
Let y(j) = -86*j + 1675. Determine y(19).
41
Let a(z) = -180*z + 918. What is a(1)?
738
Let k(c) = -4*c**3 - 4*c**2 + 60*c + 240. Give k(-6).
600
Let z(u) = 3509443*u + 98264399. D